{"id":29,"date":"2020-07-28T23:07:26","date_gmt":"2020-07-28T21:07:26","guid":{"rendered":"http:\/\/testseite.frauenprojekt.at\/?page_id=29"},"modified":"2021-09-17T18:03:33","modified_gmt":"2021-09-17T16:03:33","slug":"agb","status":"publish","type":"page","link":"https:\/\/www.frauenprojekt.at\/testseite\/agb\/","title":{"rendered":"AGB"},"content":{"rendered":"\n<h2 class=\"wp-block-heading\">Impressum<\/h2>\n\n\n\n<p>LUNA Frauenbesch\u00e4ftigungsprojekt Hollabrunn, Verein zur F\u00f6rderung der Arbeitsmarktintegration von langzeitarbeitslosen Frauen.<br>2020 Hollabrunn<br>M\u00fchlgasse 39<br>Tel: +43 (0)2952\/3050<br>Fax: +43 (0)2952\/30520-40<br>email: office@frauenprojekt.at<\/p>\n\n\n\n<p>ZVR: 650239614<\/p>\n\n\n\n<p>Obfrau: Gabriele Kyncl<br>Obfrau Stellvertreter: G\u00fcnter Schieder<br>f\u00fcr den Inhalt verantwortlich: Manfred Weigel (PL)<\/p>\n\n\n\n<h2 class=\"wp-block-heading\">AGB (Allgemeine Gesch\u00e4ftsbedingungen)<\/h2>\n\n\n\n<p>f\u00fcr den Einkauf im Onlineshop und dem Verkaufslokal von Luna.<\/p>\n\n\n\n<h3 class=\"wp-block-heading\">Geltungsbereich<\/h3>\n\n\n\n<ol class=\"wp-block-list\" type=\"1\"><li>Diese Allgemeinen Gesch\u00e4ftsbedingungen (AGB) gelten f\u00fcr den Verkauf im Online Shop des Luna Frauenbesch\u00e4ftigungsprojektes sowie des Gesch\u00e4ftslokales in Hollabrunn, M\u00fchlgasse 39.<\/li><li>Online-Bestellungen werden ausschlie\u00dflich aufgrund dieser AGB entgegengenommen, selbiges gilt f\u00fcr den Verkauf im Gesch\u00e4ftslokal. Allf\u00e4llige Gesch\u00e4fts- oder Einkaufsbedingungen der Kundin\/des Kunden werden nicht anerkannt.<\/li><li>Sollten einzelne Punkte dieser Allgemeinen Verkaufs- und Lieferbedingungen unwirksam sein, so ber\u00fchrt dies die G\u00fcltigkeit der \u00fcbrigen Bestimmungen und der unter ihrer Zugrundelegung geschlossenen Vertr\u00e4ge nicht. Die Parteien werden anstelle der unwirksamen Bestimmung eine wirksame, die ihr dem Sinn und Zweck nach am n\u00e4chsten kommt, vereinbaren.<\/li><li>Ab\u00e4nderungen oder Nebenabreden bed\u00fcrfen zu ihrer G\u00fcltigkeit der schriftlichen Best\u00e4tigung durch eine vertretungsbefugte Person des Luna Frauenprojektes und gelten nur f\u00fcr den einzelnen Gesch\u00e4ftsfall.<\/li><\/ol>\n\n\n\n<h3 class=\"wp-block-heading\">Vertragsabschluss<\/h3>\n\n\n\n<ol class=\"wp-block-list\" type=\"1\"><li>Der Vertrag kommt jeweils zwischen der Kundin\/dem Kunden und Luna zustande.<\/li><li>Vertrags-, Bestell- und Gesch\u00e4ftssprache ist Deutsch.<\/li><li>Im Onlineshop auf www.frauenprojekt.at erfolgt das Angebot der Kundin bzw. des Kunden zum Vertragsabschluss durch korrekte Eingabe und Absendung der Bestellung mit seiner\/ihrer Adresse sowie korrekte Eingabe und Absendung aller notwendigen Daten (Pflichtfelder, mit * versehen) zur Zahlungsabwicklung.<\/li><li>Im Geb\u00e4ude von Luna erfolgt der Vertragsabschluss.<\/li><li>Bei Bestellungen im Onlineshop auf www.frauenprojekt.at best\u00e4tigt Luna zun\u00e4chst lediglich das Einlangen der Bestellung per E-Mail. Hierf\u00fcr ist die Eingabe einer korrekten E-Mail-Adresse notwendig. Die Einlangensbest\u00e4tigung ist noch keine Annahmeerkl\u00e4rung und besagt auch nichts \u00fcber die Verf\u00fcgbarkeit der bestellten Leistung.<\/li><li>Ein Vertrag \u00fcber die Erbringung der Leistung kommt vielmehr erst dann zustande, wenn Luna nach Pr\u00fcfung der Verf\u00fcgbarkeit und Autorisierung zur der Abbuchung des Entgelts durch die bei der Bestellung angegebene Zahlungsart funktioniert hat.<\/li><\/ol>\n\n\n\n<h3 class=\"wp-block-heading\">Preise und Geb\u00fchren<\/h3>\n\n\n\n<p>Im Onlineshop gelten ausschlie\u00dflich die auf www.frauenprojekt.at ver\u00f6ffentlichten Preise. Die Preise in Onlineshop und Gesch\u00e4ft k\u00f6nnen sich unterscheiden. Bis zur Annahmeerkl\u00e4rung beh\u00e4lt sich Luna das Recht auf Preis\u00e4nderung vor. Wird mit der Annahmeerkl\u00e4rung ein ge\u00e4nderter Preis bekannt gegeben, so ist dies ein neues Angebot f\u00fcr das von der \u00c4nderung betroffenen Produkts, das bei K\u00e4ufen im Onlineshop der R\u00fcckbest\u00e4tigung des Kunden per E-Mail bedarf.<br>In den ausgewiesenen Preisen sind die jeweilige Bearbeitungsgeb\u00fchr bereits enthalten. Da Luna als gemeinn\u00fctziges Besch\u00e4ftigungsprojekt keine Mehrwertsteuer verechnet, ist es auch nicht vorsteuerabzugsberechtigt.<\/p>\n\n\n\n<h3 class=\"wp-block-heading\">Zahlungsbedingungen<\/h3>\n\n\n\n<p>Der Gesamtpreis der Bestellung inklusive aller Geb\u00fchren ist nach Vertragsabschluss sofort zur Zahlung f\u00e4llig. Das Entgelt wird bei Onlineshop-K\u00e4ufen am Tag der abgeschlossenen Buchung \u00fcber die von der Kundin\/dem Kunden gew\u00e4hlten elektronischen Zahlart abgebucht <\/p>\n\n\n\n<p>Zahlungsmethode paypal: Alle Kreditkarten und jedes europ\u00e4ische IBAN Konto werden akzeptiert. Es wird keine Haftung f\u00fcr Sch\u00e4den \u00fcbernommen, die dadurch entstehen, dass der Kauf durch die Bank bzw. Kreditkartengesellschaft nicht autorisiert wurde. <\/p>\n\n\n\n<p>Zahlungsmethode bar: Zu unseren \u00d6ffnungszeiten k\u00f6nnen sie ihre bestellte Ware abholen und bar bezahlen.<\/p>\n\n\n\n<p>Zahlungsmethode Vorkassa: Nach Abschlu\u00df Ihrer Bestellung bekommen sie eine Email mit unserer Bankverbindung. Bitte \u00fcberweisen sie den Betrag und f\u00fchren sie die Bestellnummer als Zahlungszweck an. <\/p>\n\n\n\n<h3 class=\"wp-block-heading\">Lieferbedingungen<\/h3>\n\n\n\n<p>Wir versenden unsere Produkte immer Freitags per Post mittels Paketverfolgung.<\/p>\n\n\n\n<h3 class=\"wp-block-heading\">R\u00fccknahme Umtausch<\/h3>\n\n\n\n<p>Die R\u00fccknahme oder der Umtausch bereits bezahlter Onlineshop-Produkte ist binnen 14 Tagen ab Erhalt m\u00f6glich, und muss direkt mit Luna vereinbart werden.<\/p>\n\n\n\n<p><em>Stand: August 2021<\/em><\/p>\n","protected":false},"excerpt":{"rendered":"<p>Impressum LUNA Frauenbesch\u00e4ftigungsprojekt Hollabrunn, Verein zur F\u00f6rderung der Arbeitsmarktintegration von langzeitarbeitslosen Frauen.2020 HollabrunnM\u00fchlgasse 39Tel: +43 (0)2952\/3050Fax: +43 (0)2952\/30520-40email: office@frauenprojekt.at ZVR: 650239614 Obfrau: Gabriele KynclObfrau Stellvertreter: G\u00fcnter Schiederf\u00fcr den Inhalt verantwortlich: Manfred Weigel (PL) AGB (Allgemeine Gesch\u00e4ftsbedingungen) f\u00fcr den Einkauf im Onlineshop und dem Verkaufslokal von Luna. Geltungsbereich Diese Allgemeinen Gesch\u00e4ftsbedingungen (AGB) gelten f\u00fcr den Verkauf [&hellip;]<\/p>\n","protected":false},"author":1,"featured_media":0,"parent":0,"menu_order":0,"comment_status":"closed","ping_status":"closed","template":"","meta":{"footnotes":""},"class_list":["post-29","page","type-page","status-publish","hentry"],"jetpack_sharing_enabled":true,"_links":{"self":[{"href":"https:\/\/www.frauenprojekt.at\/testseite\/wp-json\/wp\/v2\/pages\/29","targetHints":{"allow":["GET"]}}],"collection":[{"href":"https:\/\/www.frauenprojekt.at\/testseite\/wp-json\/wp\/v2\/pages"}],"about":[{"href":"https:\/\/www.frauenprojekt.at\/testseite\/wp-json\/wp\/v2\/types\/page"}],"author":[{"embeddable":true,"href":"https:\/\/www.frauenprojekt.at\/testseite\/wp-json\/wp\/v2\/users\/1"}],"replies":[{"embeddable":true,"href":"https:\/\/www.frauenprojekt.at\/testseite\/wp-json\/wp\/v2\/comments?post=29"}],"version-history":[{"count":6,"href":"https:\/\/www.frauenprojekt.at\/testseite\/wp-json\/wp\/v2\/pages\/29\/revisions"}],"predecessor-version":[{"id":731,"href":"https:\/\/www.frauenprojekt.at\/testseite\/wp-json\/wp\/v2\/pages\/29\/revisions\/731"}],"wp:attachment":[{"href":"https:\/\/www.frauenprojekt.at\/testseite\/wp-json\/wp\/v2\/media?parent=29"}],"curies":[{"name":"wp","href":"https:\/\/api.w.org\/{rel}","templated":true}]}}