{"id":398,"date":"2020-10-05T21:53:01","date_gmt":"2020-10-05T19:53:01","guid":{"rendered":"http:\/\/testseite.frauenprojekt.at\/?post_type=product&#038;p=398"},"modified":"2022-05-24T12:11:06","modified_gmt":"2022-05-24T10:11:06","slug":"wildblueten-sirup","status":"publish","type":"product","link":"https:\/\/www.frauenprojekt.at\/testseite\/product\/wildblueten-sirup\/","title":{"rendered":"Wildbl\u00fcten-Sirup"},"content":{"rendered":"<p>Wasser, Zucker, Zitrone, Wildbl\u00fcten 9% (Rosenbl\u00fcten, Wiessenlabkraut, Salbeibl\u00fcten, Holunderbl\u00fcten, Lindenbl\u00fcten, Klatschmohn, Girschbl\u00fcten) Konservierungsmittel: Citronens\u00e4ure Anhydrat, Zitrone<\/p>\n","protected":false},"excerpt":{"rendered":"<p>Wildbl\u00fcten-Sirup<\/p>\n","protected":false},"featured_media":482,"comment_status":"open","ping_status":"closed","template":"","meta":[],"product_brand":[],"product_cat":[31,44],"product_tag":[],"class_list":{"0":"post-398","1":"product","2":"type-product","3":"status-publish","4":"has-post-thumbnail","6":"product_cat-kulinarik","7":"product_cat-sirupe","8":"pa_gebinde-450ml","9":"pa_gebinde-gebinde","11":"first","12":"instock","13":"purchasable","14":"product-type-variable"},"jetpack_sharing_enabled":true,"_links":{"self":[{"href":"https:\/\/www.frauenprojekt.at\/testseite\/wp-json\/wp\/v2\/product\/398","targetHints":{"allow":["GET"]}}],"collection":[{"href":"https:\/\/www.frauenprojekt.at\/testseite\/wp-json\/wp\/v2\/product"}],"about":[{"href":"https:\/\/www.frauenprojekt.at\/testseite\/wp-json\/wp\/v2\/types\/product"}],"replies":[{"embeddable":true,"href":"https:\/\/www.frauenprojekt.at\/testseite\/wp-json\/wp\/v2\/comments?post=398"}],"wp:featuredmedia":[{"embeddable":true,"href":"https:\/\/www.frauenprojekt.at\/testseite\/wp-json\/wp\/v2\/media\/482"}],"wp:attachment":[{"href":"https:\/\/www.frauenprojekt.at\/testseite\/wp-json\/wp\/v2\/media?parent=398"}],"wp:term":[{"taxonomy":"product_brand","embeddable":true,"href":"https:\/\/www.frauenprojekt.at\/testseite\/wp-json\/wp\/v2\/product_brand?post=398"},{"taxonomy":"product_cat","embeddable":true,"href":"https:\/\/www.frauenprojekt.at\/testseite\/wp-json\/wp\/v2\/product_cat?post=398"},{"taxonomy":"product_tag","embeddable":true,"href":"https:\/\/www.frauenprojekt.at\/testseite\/wp-json\/wp\/v2\/product_tag?post=398"}],"curies":[{"name":"wp","href":"https:\/\/api.w.org\/{rel}","templated":true}]}}