{"id":402,"date":"2020-10-05T22:28:09","date_gmt":"2020-10-05T20:28:09","guid":{"rendered":"http:\/\/testseite.frauenprojekt.at\/?post_type=product&#038;p=402"},"modified":"2022-01-21T12:50:49","modified_gmt":"2022-01-21T11:50:49","slug":"apfel-kraeuter-senf","status":"publish","type":"product","link":"https:\/\/www.frauenprojekt.at\/testseite\/product\/apfel-kraeuter-senf\/","title":{"rendered":"Apfel-Kr\u00e4uter-Senf"},"content":{"rendered":"<p><strong>Senfmehl<\/strong> (25,2 %) Wasser, \u00c4pfel (15,5%), Apfelsaft (13%), Tafelessig (Weingeistessig, Farbstoff: Ammoniak-Zuckerkul\u00f6r), brauner Zucker, Vollsalz (Kaliumjodid, Trennmittel E 535), Kr\u00e4uter 1,5% (Petersilie, Zellerbl\u00e4tter, Estragon, Thymian)<\/p>\n","protected":false},"excerpt":{"rendered":"<p>Apfel-Kr\u00e4uter-Senf<\/p>\n","protected":false},"featured_media":631,"comment_status":"open","ping_status":"closed","template":"","meta":[],"product_brand":[],"product_cat":[31,43],"product_tag":[],"class_list":{"0":"post-402","1":"product","2":"type-product","3":"status-publish","4":"has-post-thumbnail","6":"product_cat-kulinarik","7":"product_cat-senfwelt","8":"pa_gebinde-110g-ml","9":"pa_gebinde-210g-ml","10":"pa_gebinde-50g-ml","12":"first","13":"instock","14":"purchasable","15":"product-type-variable","16":"has-default-attributes"},"jetpack_sharing_enabled":true,"_links":{"self":[{"href":"https:\/\/www.frauenprojekt.at\/testseite\/wp-json\/wp\/v2\/product\/402","targetHints":{"allow":["GET"]}}],"collection":[{"href":"https:\/\/www.frauenprojekt.at\/testseite\/wp-json\/wp\/v2\/product"}],"about":[{"href":"https:\/\/www.frauenprojekt.at\/testseite\/wp-json\/wp\/v2\/types\/product"}],"replies":[{"embeddable":true,"href":"https:\/\/www.frauenprojekt.at\/testseite\/wp-json\/wp\/v2\/comments?post=402"}],"wp:featuredmedia":[{"embeddable":true,"href":"https:\/\/www.frauenprojekt.at\/testseite\/wp-json\/wp\/v2\/media\/631"}],"wp:attachment":[{"href":"https:\/\/www.frauenprojekt.at\/testseite\/wp-json\/wp\/v2\/media?parent=402"}],"wp:term":[{"taxonomy":"product_brand","embeddable":true,"href":"https:\/\/www.frauenprojekt.at\/testseite\/wp-json\/wp\/v2\/product_brand?post=402"},{"taxonomy":"product_cat","embeddable":true,"href":"https:\/\/www.frauenprojekt.at\/testseite\/wp-json\/wp\/v2\/product_cat?post=402"},{"taxonomy":"product_tag","embeddable":true,"href":"https:\/\/www.frauenprojekt.at\/testseite\/wp-json\/wp\/v2\/product_tag?post=402"}],"curies":[{"name":"wp","href":"https:\/\/api.w.org\/{rel}","templated":true}]}}